{"id":839,"date":"2021-08-18T17:26:38","date_gmt":"2021-08-18T20:26:38","guid":{"rendered":"http:\/\/citroleogroup.com\/2021\/?page_id=839"},"modified":"2022-02-14T15:33:31","modified_gmt":"2022-02-14T18:33:31","slug":"login","status":"publish","type":"page","link":"https:\/\/citroleogroup.com\/2021\/login\/","title":{"rendered":"Login"},"content":{"rendered":"<p>[vc_row el_class=&#8221;container form-citroleo&#8221;][vc_column width=&#8221;1\/4&#8243;][\/vc_column][vc_column width=&#8221;1\/2&#8243; el_class=&#8221;form-login&#8221;][vc_column_text]<\/p>\n<p style=\"text-align: center;\">Para acessar mais informa\u00e7\u00f5es \u00e9 preciso estar logado no nosso portal.<\/p>\n<p>[\/vc_column_text][vc_column_text]<div role=\"form\" class=\"wpcf7\" id=\"wpcf7-f841-o1\" lang=\"pt-BR\" dir=\"ltr\">\n<div class=\"screen-reader-response\"><p role=\"status\" aria-live=\"polite\" aria-atomic=\"true\"><\/p> <ul><\/ul><\/div>\n<form action=\"\/2021\/wp-json\/wp\/v2\/pages\/839#wpcf7-f841-o1\" method=\"post\" class=\"wpcf7-form init\" novalidate=\"novalidate\" data-status=\"init\">\n<div style=\"display: none;\">\n<input type=\"hidden\" name=\"_wpcf7\" value=\"841\" \/>\n<input type=\"hidden\" name=\"_wpcf7_version\" value=\"5.5.3\" \/>\n<input type=\"hidden\" name=\"_wpcf7_locale\" value=\"pt_BR\" \/>\n<input type=\"hidden\" name=\"_wpcf7_unit_tag\" value=\"wpcf7-f841-o1\" \/>\n<input type=\"hidden\" name=\"_wpcf7_container_post\" value=\"0\" \/>\n<input type=\"hidden\" name=\"_wpcf7_posted_data_hash\" value=\"\" \/>\n<input type=\"hidden\" name=\"_wpcf7_recaptcha_response\" value=\"\" \/>\n<\/div>\n<div class=\"row\">\n<div class=\"col-12\">\n<div class=\"form-group\">\n<span class=\"wpcf7-form-control-wrap login-user\"><input type=\"text\" name=\"login-user\" value=\"\" size=\"40\" class=\"wpcf7-form-control wpcf7-text wpcf7-validates-as-required form-control\" id=\"login-user\" aria-required=\"true\" aria-invalid=\"false\" placeholder=\"E-mail\" \/><\/span>\n<\/div>\n<\/div>\n<div class=\"col-12\">\n<div class=\"form-group\">\n<span class=\"wpcf7-form-control-wrap login-pass\"><input type=\"password\" name=\"login-pass\" value=\"\" size=\"40\" class=\"wpcf7-form-control wpcf7-password wpcf7-validates-as-password form-control\" id=\"login-pass\" aria-invalid=\"false\" placeholder=\"Senha\" autocomplete=\"false\"\/><\/span>\n<\/div>\n<\/div>\n<div class=\"col-12\">\n<input type=\"submit\" value=\"Acessar\" class=\"wpcf7-form-control has-spinner wpcf7-submit button-send\" \/>\n<\/div>\n<\/div>\n<div class=\"wpcf7-response-output\" aria-hidden=\"true\"><\/div><\/form><\/div>[\/vc_column_text][vc_row_inner][vc_column_inner width=&#8221;1\/2&#8243;][vc_column_text el_class=&#8221;btn-login-link&#8221;]<\/p>\n<p style=\"text-align: center;\"><a href=\"http:\/\/citroleogroup.com\/2021\/registro-de-usuario\/\">Cadastre-se<\/a><\/p>\n<p>[\/vc_column_text][\/vc_column_inner][vc_column_inner width=&#8221;1\/2&#8243;][vc_column_text el_class=&#8221;btn-login-link&#8221;]<\/p>\n<p style=\"text-align: center;\"><a href=\"http:\/\/citroleogroup.com\/2021\/wp-login.php?action=lostpassword\">Lembrar Senha<\/a><\/p>\n<p>[\/vc_column_text][\/vc_column_inner][\/vc_row_inner][\/vc_column][vc_column width=&#8221;1\/4&#8243;][\/vc_column][\/vc_row]<\/p>","protected":false},"excerpt":{"rendered":"<p>[vc_row el_class=&#8221;container form-citroleo&#8221;][vc_column width=&#8221;1\/4&#8243;][\/vc_column][vc_column width=&#8221;1\/2&#8243; el_class=&#8221;form-login&#8221;][vc_column_text] Para acessar mais informa\u00e7\u00f5es \u00e9 preciso estar logado no nosso portal. [\/vc_column_text][vc_column_text][\/vc_column_text][vc_row_inner][vc_column_inner width=&#8221;1\/2&#8243;][vc_column_text el_class=&#8221;btn-login-link&#8221;] Cadastre-se [\/vc_column_text][\/vc_column_inner][vc_column_inner width=&#8221;1\/2&#8243;][vc_column_text el_class=&#8221;btn-login-link&#8221;] Lembrar Senha [\/vc_column_text][\/vc_column_inner][\/vc_row_inner][\/vc_column][vc_column width=&#8221;1\/4&#8243;][\/vc_column][\/vc_row]<\/p>\n","protected":false},"author":1,"featured_media":0,"parent":0,"menu_order":0,"comment_status":"closed","ping_status":"closed","template":"","meta":[],"acf":[],"_links":{"self":[{"href":"https:\/\/citroleogroup.com\/2021\/wp-json\/wp\/v2\/pages\/839"}],"collection":[{"href":"https:\/\/citroleogroup.com\/2021\/wp-json\/wp\/v2\/pages"}],"about":[{"href":"https:\/\/citroleogroup.com\/2021\/wp-json\/wp\/v2\/types\/page"}],"author":[{"embeddable":true,"href":"https:\/\/citroleogroup.com\/2021\/wp-json\/wp\/v2\/users\/1"}],"replies":[{"embeddable":true,"href":"https:\/\/citroleogroup.com\/2021\/wp-json\/wp\/v2\/comments?post=839"}],"version-history":[{"count":9,"href":"https:\/\/citroleogroup.com\/2021\/wp-json\/wp\/v2\/pages\/839\/revisions"}],"predecessor-version":[{"id":1556,"href":"https:\/\/citroleogroup.com\/2021\/wp-json\/wp\/v2\/pages\/839\/revisions\/1556"}],"wp:attachment":[{"href":"https:\/\/citroleogroup.com\/2021\/wp-json\/wp\/v2\/media?parent=839"}],"curies":[{"name":"wp","href":"https:\/\/api.w.org\/{rel}","templated":true}]}}